4*x**2 + 3*x. Let k be y(2). Suppose k = 2*h - h. What is the greatest common factor of h and 1?
1
Let k(v) = -v**3 - 8*v**2 + 18*v - 13. Let l be k(-10). Calculate the greatest common divisor of 28 and l.
7
Suppose -2*l = 5*w - 23, 2*l + w + w = 14. Suppose 5*f + l = -96. Let z = f - -75. What is the highest common factor of 5 and z?
5
Let k be 4/(-10) - 6/(-15). Suppose z + 0*z + 3*n - 13 = k, 0 = 3*z - n + 1. Calculate the highest common divisor of 11 and z.
1
Let u(z) be the third derivative of -z**6/120 - z**5/60 + 5*z**3/6 + z**2. Let f be u(-5). What is the highest common divisor of f and 15?
15
Let k(g) = g**2 - 4*g + 8. Let s be k(8). Calculate the greatest common divisor of s and 5.
5
Let d(i) = -i**3 + 8*i**2 + i - 5. Let z be d(8). Suppose z*r = 5*r + 2. Let p = r + 13. What is the greatest common factor of p and 12?
12
Let j(w) = -5*w + 3. Let n(z) = -5*z + 2. Let p(o) = 2*j(o) - 3*n(o). Let s be p(2). What is the greatest common divisor of s and 40?
10
Suppose 82*t + 17 = 83*t. What is the greatest common factor of 51 and t?
17
Let d = -12 - -144. What is the highest common factor of d and 12?
12
Let j = 109 + -65. What is the highest common factor of j and 33?
11
Let h = 86 + -66. Let z(y) = -y**3 - 7*y**2 - 10*y - 10. Let q be z(-7). What is the greatest common divisor of q and h?
20
Let n = 72 - 24. Calculate the greatest common factor of n and 6.
6
Let r be ((-27)/18)/((-6)/20). What is the highest common factor of r and 15?
5
Let h(y) = 2*y**2 + 4*y - 42. Let l be h(-6). Calculate the highest common factor of 48 and l.
6
Let f = -102 - -150. Calculate the greatest common divisor of 32 and f.
16
Suppose 1 = m - 3. Suppose l = -4*q + 3*l + 20, -5*l - 20 = 0. Suppose -5*a + 13 = q. Calculate the greatest common factor of m and a.
2
Suppose -64 = -5*n + 2*i + 465, n - 119 = -4*i. Let y = n + -43. Calculate the highest common divisor of y and 16.
16
Let l be (50/8)/((-11)/(-44)). Let y = 375 + -175. Calculate the greatest common divisor of l and y.
25
Suppose -2*h + 3*w + 223 = 0, 5*w - 495 = -7*h + 2*h. What is the greatest common factor of 26 and h?
26
Let x be (-8)/(-3)*(-7)/(28/(-15)). Calculate the highest common divisor of x and 50.
10
Let n(w) = -w**3 + 7*w**2 + 2*w + 5. Let m be n(7). Suppose -q = m - 64. Calculate the greatest common divisor of 9 and q.
9
Suppose 5*g + 35 = -0*v + v, -4*v = 2*g - 52. Calculate the greatest common divisor of v and 3.
3
Let x = -52 + 83. What is the greatest common divisor of 279 and x?
31
Suppose -162 = -g - 2*g. Suppose -3 = c - 11. Suppose 4 = 2*o - c. What is the greatest common factor of g and o?
6
Suppose 2*z = -3*z. Suppose 3*p - 57 = 4*y, -p + 3*p + 2*y - 24 = z. Calculate the highest common divisor of 5 and p.
5
Let q(g) be the first derivative of -93*g**2/2 + g - 2. Let v be q(-2). What is the greatest common divisor of 17 and v?
17
Let d(c) = -c**2 + 2*c + 2. Let a be d(-2). Let h(x) = -3*x + 8. Let f be h(a). Calculate the highest common factor of f and 13.
13
Let x(m) = m**2 + 7*m - 13. Let p be x(-10). Calculate the highest common divisor of 187 and p.
17
Let a = -76 + 133. What is the greatest common divisor of a and 38?
19
Suppose 0*s = 5*s - 265. Suppose 37 = 5*d - s. Calculate the highest common divisor of d and 12.
6
Let c = -14 - -22. Suppose u = -3*u + c. Calculate the highest common factor of u and 2.
2
Let f be (282/(-70) - (-12)/20)*-7. Calculate the highest common factor of 32 and f.
8
Suppose h + h = 22. What is the greatest common divisor of h and 11?
11
Let t(u) = 8*u**2 + 0*u**2 - 2 - 2*u**2 + 0*u**2. Let b be t(-3). Suppose 5*q = 2*q - 3, -b = -3*o + 4*q. What is the greatest common divisor of 16 and o?
16
Let w(b) = 5*b + 1. Let n be 8/4 - (-5 + 0). Let x(z) = 16*z + 2. Let c(y) = n*w(y) - 2*x(y). Let a be c(4). Calculate the greatest common divisor of a and 15.
15
Let m = 13 + 23. Let b = 0 - 2. Let l(j) = -13*j - 2. Let t be l(b). Calculate the greatest common factor of m and t.
12
Suppose -5*c + 9*c - 272 = 0. What is the highest common factor of c and 34?
34
Suppose -5*h + 341 = 2*k, -5*k = -3*h - 199 - 638. Suppose 7*m - 3*m = k. Suppose -2*x = -m - 112. What is the highest common divisor of x and 11?
11
Suppose -2*o = 2*o - 180. Suppose 6*z = 2*z + 2*g + 16, -2*z = 3*g - 16. Calculate the greatest common divisor of z and o.
5
Suppose 2*o - 33 = 87. Calculate the greatest common divisor of o and 40.
20
Suppose 6*b = 843 + 147. What is the greatest common factor of b and 15?
15
Let v = -10 + 13. What is the highest common factor of v and 9?
3
Let w = 680 - 294. Let g be (-3)/(-7) - w/(-14). What is the highest common divisor of g and 84?
28
Let q be (-6 - -16)/(3 - 2). What is the highest common divisor of 5 and q?
5
Suppose 2*x + 3*x - 235 = 0. Suppose -x = -4*a + 37. Suppose -3*i + 6*i - a = 0. Calculate the highest common divisor of 1 and i.
1
Let k = 14 + -6. Calculate the highest common factor of 32 and k.
8
Let f be ((-75)/(-9))/((-2)/(-24)). Suppose -4 = -s + f. What is the greatest common factor of 13 and s?
13
Let d be (-432)/(-3) - (1 + 0). Calculate the highest common divisor of 13 and d.
13
Let z(i) = 5*i + 1. Let d be z(-1). Let l(y) = -y**3 - 2*y**2 + 3*y - 2. Let m be l(d). Calculate the greatest common factor of 36 and m.
18
Let j(w) = -w**3 + 2*w**2 + 3*w + 3. Let p be j(-3). Let s = -19 + 32. Calculate the highest common factor of s and p.
13
Suppose 2*o - o = 0. Suppose 2*j - 3*c = -6, -c + o*c = 3*j - 13. Suppose j*d - 11 - 15 = 2*v, -25 = -5*v. What is the greatest common factor of d and 4?
4
Let x be (-9)/15 - (-848)/5 - 2. Suppose -s + 3 = f, 2*s - 12 = -5*f - 2*s. Suppose f = 5*l - x - 178. What is the greatest common factor of l and 23?
23
Let q = -7 + 12. Suppose q*d = 2*d + 66. Suppose f = 3*f - d. Calculate the greatest common divisor of f and 22.
11
Let d = 172 - 94. Calculate the greatest common factor of 6 and d.
6
Let f = -4 - -7. Suppose f*o = -o + 84. Calculate the highest common divisor of o and 3.
3
Let n be (4/2 + 0)/1. Suppose -8 = -2*l - n. What is the highest common factor of 15 and l?
3
Let t = 7 - -34. Suppose -m + t = -9. Calculate the highest common divisor of m and 20.
10
Suppose 0 = -0*u + u. Let i be -1 + (u - -3) + 2. Calculate the greatest common divisor of i and 8.
4
Suppose 0 = 3*q - 2*q - 44. Calculate the greatest common factor of 4 and q.
4
Suppose -19 = -6*m + 5. Suppose m*u - 4*b = 68, -b = 2*u + 3*b - 34. What is the greatest common divisor of u and 85?
17
Let m(h) = -h**2 - 9*h - 4. Let a be m(-10). Let d be (-4)/14 - 718/a. Calculate the greatest common factor of d and 17.
17
Let g be (-9)/(243/(-60)) + (-2)/9. Calculate the highest common factor of g and 18.
2
Let c(y) = 8*y + 2. Let k be c(1). Calculate the greatest common divisor of 10 and k.
10
Let k(d) = d**3 + 6*d**2 + 3*d. Let g be k(-5). What is the highest common divisor of g and 2?
2
Suppose -3*c + 5*c - 38 = 0. What is the highest common factor of 133 and c?
19
Suppose 0 = 3*h + 2*h - 180. Let m(z) = z**3 + 2 - z + 2 + 0*z**3. Let v be m(0). What is the highest common divisor of h and v?
4
Let s be (9/(-4))/(7/(5376/(-9))). Calculate the highest common divisor of s and 24.
24
Suppose 0 = 3*x - 32 - 4. What is the highest common factor of 36 and x?
12
Suppose -2*b = -b - 4. Let p be 2/2 - (-28)/2. Let x = p + -11. Calculate the greatest common divisor of b and x.
4
Let d = 63 + -29. What is the greatest common divisor of 17 and d?
17
Suppose 0 = 7*s + 4*s - 220. Calculate the highest common factor of s and 100.
20
Let o be (-2)/(2 + (-84)/45). Let h be (-9)/o - 42/(-5). Let k be 4/(-6) - (-166)/6. Calculate the greatest common divisor of h and k.
9
Let j = -1 - 3. Let l be j/12 - 157/(-3). Suppose z - 91 - l = k, 3*z = 2*k + 426. What is the highest common divisor of 20 and z?
20
Let m(t) = -2*t**3 - t**2 + 3*t + 2. Let q be m(-2). Let u = q - 6. What is the greatest common divisor of 18 and u?
2
Let a(m) = -m**2 + 7*m - 6. Let t be a(4). Let i = 18 - t. What is the highest common divisor of i and 36?
12
Suppose -2*y + 16 = -6*y. Let c = y + 20. Let l = 27 - c. Calculate the highest common factor of 88 and l.
11
Suppose -6*o + 4*o + 112 = 0. Calculate the highest common factor of 8 and o.
8
Let z(l) = -2*l + 1. Let c(t) = t**2 + 9*t